- 3. What is i(3)?
15
Let p(x) = x**2 - 20*x + 28. Calculate p(19).
9
Let h(p) = p**2 + 5*p + 2. Determine h(5).
52
Let i(l) = -2*l - 42. Determine i(-17).
-8
Let i(z) = -z**2 - 11*z + 10. Determine i(-15).
-50
Let j(x) = -7*x - 18. Give j(-5).
17
Let y(p) = -p**3 - p**2 - p - 9. Determine y(0).
-9
Let f(t) = -t**3 + 27*t**2 - 25*t - 12. What is f(26)?
14
Let z(x) = -x**3 + 6*x**2 - 7*x + 2. Determine z(5).
-8
Let g(f) = -9*f + 2. Calculate g(1).
-7
Let a(u) = -u**3 + 17*u**2 + 61*u + 8. Give a(20).
28
Let z(a) = a**3 + 40*a**2 + 39*a + 3. What is z(-39)?
3
Let t(i) = -2*i**2 + 5*i + 40. Determine t(7).
-23
Let s(r) = r**2 + 10*r - 13. Calculate s(-9).
-22
Let t(a) = -87*a + 695. Determine t(8).
-1
Let c(b) = 2*b - 22. What is c(9)?
-4
Let f(p) = -4*p**3 + 3*p - 2. What is f(2)?
-28
Let k(f) = -14*f - 55. Determine k(-5).
15
Let i(t) = t + 5. Determine i(-15).
-10
Let k(t) = t**2 - t - 4. Give k(4).
8
Let c(h) = 2*h**3 - 45*h**2 - 22*h - 20. Determine c(23).
3
Let q(t) = -9*t**2 - 7*t + 1. What is q(-4)?
-115
Let s(d) = -2*d + 7. Give s(7).
-7
Let r(x) = -x**3 + 21*x**2 - 2*x + 46. Determine r(21).
4
Let v(j) = -j**3 - 5*j**2 + 7*j - 6. What is v(-6)?
-12
Let s(v) = -v**2 - v + 1. Give s(-2).
-1
Let v(y) = -4*y + 13. Determine v(7).
-15
Let n(c) = c**2 - c - 19. What is n(6)?
11
Let y(l) = l**3 - 13*l**2 + 7*l + 20. What is y(12)?
-40
Let g(o) = -o**2 - 7*o + 2. What is g(-5)?
12
Let m(d) = -11*d + 16. What is m(1)?
5
Let c(s) = 3*s + 2. Determine c(5).
17
Let p(i) = -8*i - 4. Calculate p(4).
-36
Let w(y) = y + 9. Give w(7).
16
Let u(t) = t**3 - 50*t**2 + 53*t - 197. What is u(49)?
-1
Let c(k) = -k + 30. What is c(-3)?
33
Let p(q) = -q**3 + 16*q**2 - 27. Calculate p(16).
-27
Let x(t) = -t**3 + 7*t**2 + 5*t + 10. Give x(8).
-14
Let y(c) = -c**3 - 21*c**2 - 67*c + 9. Give y(-17).
-8
Let g(r) = 5*r + 9. What is g(-4)?
-11
Let l(p) = -p**3 + 13*p**2 - 11*p + 3. Calculate l(12).
15
Let s(p) = p**2 - 6*p - 16. Determine s(7).
-9
Let y(m) = m**2 + 19*m + 47. Determine y(-3).
-1
Let j(p) = 2*p**3 + 2*p**2 - p + 2. Calculate j(-2).
-4
Let v(a) = -27*a + 264. Calculate v(10).
-6
Let r(f) = f - 19. Give r(13).
-6
Let m(n) = -6*n + 9. Calculate m(2).
-3
Let c(y) = -2*y - 13. Calculate c(-14).
15
Let g(f) = 2*f**2 + 22*f + 27. Give g(-13).
79
Let b(j) = j - 9. Give b(6).
-3
Let l(w) = -w**3 - 7*w**2 + 2*w - 5. Calculate l(-7).
-19
Let g(u) = 2*u. Calculate g(0).
0
Let l(j) = -14*j + 9. Determine l(-4).
65
Let t(g) = -18*g + 135. Give t(7).
9
Let g(y) = -y**2 + 9*y - 12. Determine g(8).
-4
Let n(z) = -z**3 - 12*z**2 - 26*z + 38. Calculate n(-8).
-10
Let j(m) = -2*m - 16. What is j(-5)?
-6
Let w(u) = 7*u + 27. Give w(-11).
-50
Let z(w) = -w**3 + 33*w**2 + 72*w - 66. What is z(35)?
4
Let p(b) = 6*b**2 - 4*b + 1. What is p(3)?
43
Let b(v) = v**2 - 4*v - 5. What is b(4)?
-5
Let m(c) = 4*c - 202. Calculate m(51).
2
Let p(i) = -i**3 - 9*i**2 + 9*i - 9. Give p(-10).
1
Let l(f) = -f**2 + f + 4. What is l(-2)?
-2
Let l(h) = 10*h**2 + 4*h + 2. What is l(-1)?
8
Let j(x) = -x**3 + 3*x**2 - 3*x + 4. What is j(3)?
-5
Let a(r) = 2*r - 30. What is a(12)?
-6
Let i(x) = -12*x + 524. Determine i(43).
8
Let r(v) = v**3 + 17*v**2 + 5*v + 83. Give r(-17).
-2
Let m(w) = -3*w + 105. Give m(34).
3
Let o(p) = p**2 - 16*p - 1. What is o(17)?
16
Let c(g) = g**3 - 11*g**2 - g + 13. Determine c(10).
-97
Let r(b) = -2*b**2 - 5*b - 4. Give r(-7).
-67
Let j(d) = d**2 - 20*d - 10. Calculate j(0).
-10
Let h(t) = 4*t + 9. Determine h(-4).
-7
Let b(s) = -s**2 + 8*s - 3. Give b(0).
-3
Let y(x) = -x**2 - x. Determine y(-5).
-20
Let w(l) = l + 8. Determine w(15).
23
Let q(z) = -10*z - 15. Determine q(-4).
25
Let r(n) = 18*n**2. Determine r(1).
18
Let p(n) = -n**3 - 23*n**2 - 44*n - 39. Give p(-21).
3
Let u(s) = -s**3 + 4*s**2 - 3*s. Calculate u(3).
0
Let t(l) = 89*l - 534. Calculate t(6).
0
Let g(a) = -12*a**2 - 5*a + 19. Calculate g(2).
-39
Let l(w) = w**2 - 9*w + 12. What is l(7)?
-2
Let c(q) = -q**3 - q**2 + 2*q + 1. Determine c(2).
-7
Let s(n) = 2*n**2 + 5*n + 2. What is s(-5)?
27
Let h(o) = 4*o**2 + 23*o + 9. Give h(-6).
15
Let j(p) = -p**2 - 12*p - 17. Determine j(-13).
-30
Let y(w) = w**3 - w**2 - 8*w + 5. Determine y(3).
-1
Let s(i) = -i**3 - 5*i**2 + 7*i + 2. Determine s(-6).
-4
Let a(q) = -23*q + 48. Calculate a(3).
-21
Let u(n) = 156*n**3 + n**2 + 5*n + 4. Give u(-1).
-156
Let u(o) = -4*o**2 - 2*o + 1. Give u(1).
-5
Let q(b) = 31*b - 83. Calculate q(3).
10
Let m(n) = n**3 + 6*n**2 + n - 6. Calculate m(-6).
-12
Let k(u) = u**2 + 14*u + 45. Give k(-9).
0
Let w(n) = n**2 + 4*n + 3. Give w(-3).
0
Let t(f) = f**3 - 9*f**2 + 12*f - 6. Give t(7).
-20
Let m(y) = -y + 28. Determine m(16).
12
Let d(h) = h**2 + 8*h - 55. What is d(5)?
10
Let m(x) = -2*x - 15. Determine m(-12).
9
Let i(k) = k**3 - 10*k**2 - 9*k - 18. What is i(11)?
4
Let h(k) = -4*k + 21. Calculate h(11).
-23
Let u(l) = 2*l**3 - 24*l**2 + 6. Determine u(12).
6
Let n(x) = x**3 - x**2 - 32*x + 5. Give n(6).
-7
Let o(u) = 28*u**3 - 2*u**2 - u + 2. Determine o(1).
27
Let h(i) = -4*i**3 + i**2 + 12*i - 13. Determine h(1).
-4
Let a(p) = 2*p**3 - 6*p**2 - 13*p + 5. Give a(5).
40
Let y(h) = -21*h**2 - h. Determine y(1).
-22
Let x(n) = -5*n + 7. Calculate x(7).
-28
Let t(n) = n**3 - 31*n**2 + 31*n - 33. What is t(30)?
-3
Let q(b) = -b**3 + 13*b**2 - 21*b - 16. Give q(11).
-5
Let t(m) = -8*m + 9. Calculate t(7).
-47
Let f(g) = -2*g - 25. Calculate f(-13).
1
Let a(r) = -r**3 - 19*r**2 + 23*r - 28. Determine a(-20).
-88
Let l(v) = v**3 + 5*v**2 - 4*v + 4. What is l(-7)?
-66
Let u(s) = s**3 + 2*s**2 + 3*s + 2. Calculate u(-3).
-16
Let u(v) = v**3 + v**2 + v + 12. What is u(0)?
12
Let z(x) = x**3 + 9*x**2 + 10*x + 7. Determine z(-8).
-9
Let n(p) = -p**3 - 4*p**2 + 4*p + 5. Give n(-2).
-11
Let h(b) = -18*b**2 - 3*b - 4. What is h(-2)?
-70
Let z(j) = j**3 + 25*j**2 + j + 27. Determine z(-25).
2
Let h(w) = -3*w**2 - 9*w - 1. Determine h(-3).
-1
Let p(b) = b + 12. What is p(9)?
21
Let y(w) = -w**3 + 3*w**2 + w - 4. Give y(3).
-1
Let f(n) = -n**3 - 23*n**2 - 15*n + 136. What is f(-22)?
-18
Let t(o) = 14*o + 140. Give t(-10).
0
Let p(i) = -3*i**2 + 10*i + 35. Calculate p(-3).
-22
Let y(o) = -o - 3. What is y(-14)?
11
Let n(r) = 2*r**3 - 19*r**2 + 9*r - 9. Give n(9).
-9
Let k(l) = -l**3 - 15*l**2 - 43*l + 21. Calculate k(-11).
10
Let a(h) = -h**3 - 19*h**2 + 18*h - 38. Give a(-20).
2
Let c(d) = 6*d + 1. Determine c(2).
13
Let p(v) = -21*v + 119. Calculate p(6).
-7
Let n(d) = -3*d**2 - 28*d + 14. What is n(-8)?
46
Let w(q) = 18*q. Give w(-6).
-108
Let x(i) = 9*i - 22. What is x(4)?
14
Let y(p) = -p**3 - 7*p**2 - 10*p - 8. What is y(-5)?
-8
Let c(x) = -42*x - 1. Give c(1).
-43
Let d(c) = c**2 - 9*c - 7. Determine d(10).
3
Let v(d) = 65*d - 2. Calculate v(1).
63
Let n(h) = h**3 - 7*h**2 + 8*h - 7. Give n(7).
49
Let z(w) = -2*w**2 - 8*w + 21. Determine z(3).
-21
Let a(i) = i - 8. Calculate a(10).
2
Let v(k) = -2*k**2 + 12*k - 23. Determine v(6).
-23
Let p(q) = q**2 + 41*q + 266. Determine p(-8).
2
Let s(o) = -4*o**3 - 2*o**2 - 29*o - 28. Determine s(-1).
3
Let n(d) = -3*d - 6. Determine n(0).
-6
Let c(u) = 6*u + 18. Determine c(-3).
0
Let t(a) = a**2 - 5*a. Give t(7).
14
Let q(f) = f**2 + 9*f - 17. Give q(-9).
-17
Let s(k) = 4*k + 4. What is s(-2)?
-4
Let v(u) = 6*u + 174. What is v(-28)?
6
Let d(q) = 13*q + 75. What is d(-6)?
-3
Let v(y) = y**2 - 8*y - 63. What is v(-5)?
2
Let m(q) = 2*q**3 - 11*q**2 + 3*q - 43. Determine m(6).
11
Let j(l) = l**2 + 36*l - 75. Give j(2).
1
Let r(u) = -u**2 - 2*u + 47. Determine r(0).
47
Let i(r) = -5*r - 2. Give i(2).
-12
Let p(b) = -2*b - 4. Give p(-5).
6
Let w(b) = -b**3 - 12*b**2 - 24*b + 20. Determine w(-9).
-7
Let u(w) = -w**3 - 20*w**2 - 35*w + 4. Calculate u(-18).
-14
Let d(h) = 12*h - 282. Calculate d(22).
-18
Let w(b) = 2*b**3 - 11*b**2 - 6*b - 2. Determine w(6).
-2
Let k(g) = -11*g**2 - 7*g - 9. Determine k(-1).
-13
Let n(x) = 159*x + 1903. What is n(-12)?
-5
Let z(y) = -7*y + 5. What is z(-5)?
40
Let f(p) = p**2 + p + 31. Give f(-6).
61
Let z(u) = -5*u**3 + 15*u**2 + 2*u + 1. Calculate z(3).
7
Let i(k) = -k**3 - k**2 + k + 21. What is i(0)?
21
Let z(m) = -3*m**2 - m. What is z(-1)?
-2
Let v(s) = -11*s - 1. What is v(-2)?
21
Let a(t) = -5*t. Give a(1).
-5
Let h(q) = -q**2 + 4*q + 20. What is h(6)?
8
Let v(g